5. What is the tens digit of j?
7
Let w(j) = j + 3. Let u = 8 + -5. Suppose 0 = 2*r - 11 - u. What is the units digit of w(r)?
0
Suppose 4*p + 4*w - 12 = -0*p, -3*p - 7 = -5*w. What is the units digit of (p - 4)*152/(-6)?
6
Let j(n) = n**2 + 8*n + 3. Let m be j(-8). Suppose 84 = m*d + 4*d. What is the tens digit of d?
1
Let q(a) be the third derivative of 0*a + 0 + 6*a**2 + 1/8*a**4 + 1/2*a**3. What is the tens digit of q(3)?
1
Let p = 10 - -13. Suppose -4*h + n + 31 = 4*n, -2*h + p = 3*n. Suppose -h*g - 43 = 4*a - 171, 3*a = 0. What is the units digit of g?
2
Suppose -3*q = -2*k - 0*k + 145, 4*q - 78 = -k. What is the units digit of k - (-1 + -6 + 3)?
8
Suppose f + 5 = 0, 0 = 5*d - 2*f - 2*f - 50. Suppose -a + 32 + 1 = i, 0 = 2*i - d. What is the units digit of a?
0
What is the units digit of (5/(5/49))/((-11)/(-99))?
1
Let t(h) = 2*h**3 + 32*h**2 + 5. Let s be t(-16). Suppose 5*f - 20 = s*z, 2*f - z = -0*z + 8. What is the units digit of f?
4
Suppose -5*m = 2*g + 8, -4*m = 3*g - m - 6. Suppose -2*a + 134 = 4*i, 0 = 2*a + 2*i - 31 - 111. Suppose -a = -g*d + d. What is the tens digit of d?
1
Suppose -2*a = -4*t + 2114, -4*t - 2*a + 1130 = -980. What is the hundreds digit of t?
5
Suppose 141 = 5*i + 36. Let d(g) = 3*g**2 - 16*g - 3. Let v be d(5). What is the units digit of v/(-3) - 14/i?
2
Let t(w) = w**3 - 6*w**2 - 9*w + 14. Let i be t(7). Suppose i = 10*y - 677 - 743. What is the tens digit of y?
4
Let d(k) = 5*k + 1. Suppose -i = 4*u - 0*i + 8, -u + 2*i + 7 = 0. Let f be d(u). Let w(j) = j**3 + 5*j**2 + 6. What is the units digit of w(f)?
2
Let y(c) = 41*c**2 + c. Let j be y(1). Let f be ((-2)/(-3))/((-1)/j). Let o = f + 47. What is the units digit of o?
9
Let k = -758 - -1556. What is the tens digit of (-9)/(-27) - k/(-9)?
8
Suppose -3*c = 3*c - 1128. Let q = -85 + c. What is the tens digit of q?
0
Suppose 0 = -4*o + 4*h - 48, h + 48 = -4*o - 4*h. Let z be (-825)/o - 1/(-4). Suppose 3*k + z = 6*k. What is the units digit of k?
3
Suppose 0 = -d - 0*d + 2, -5*z - d + 7 = 0. Suppose -3*f + t = 8, -3*t - 7 = f - z. What is the tens digit of ((-16)/2 - -1)*f?
2
Let o(d) = 11*d - 2. Let l be ((-6)/(-4))/(12/32). What is the units digit of o(l)?
2
Let h(w) = -w**3 - 11*w**2 - 27*w + 9. Let v be h(-7). Suppose 0 = 3*u + v*l - 78, -2*u = -3*l - 2*l - 71. What is the tens digit of u?
2
Suppose -29*l - 716 = -33*l. What is the units digit of l?
9
Suppose 0 = -2*r + 37 + 155. What is the tens digit of r?
9
Suppose -d = 5*p - 221, 2*d + 6*p - 454 = 2*p. What is the tens digit of d?
3
Let x be (-2407)/(-11) - (-2)/11. Let q = x - -30. What is the hundreds digit of q?
2
Let g = 136 - 70. Suppose -4*i + g = -i. What is the tens digit of i?
2
Let h(i) = i**3 + 7*i**2 + 2*i + 15. Suppose -4*o - 4*d = o + 15, 4*d = 4*o + 48. What is the units digit of h(o)?
1
Let i be (-22)/(-44) - 7/2. Let x(z) = -27*z + 19. What is the hundreds digit of x(i)?
1
Let c(x) = 8*x**2 + 6*x + 56. What is the hundreds digit of c(-6)?
3
Suppose -826 = -2*j + 2*r + 2122, 2*j - 2964 = -2*r. What is the tens digit of j?
7
Let c = -10 - -120. Let j = 36 + c. What is the units digit of j?
6
Suppose -5*k = 2*u - 21 - 50, 4*k + 2*u - 56 = 0. What is the tens digit of k?
1
Suppose 0 = 2*j, j + j = o - 2. Suppose 0 = -0*h - o*h + 2. What is the units digit of h*-4 + -6 + 62?
2
Let l(p) = 142*p - 114. What is the tens digit of l(4)?
5
Suppose -23 = -2*d - 5. Let i = d + 12. What is the tens digit of i?
2
Let l = -14 + 19. Suppose l*t + 3*s = 4*t + 46, -4*t - 4*s + 208 = 0. What is the units digit of t?
5
Let j(z) = 4*z**2 + 10*z - 126. What is the thousands digit of j(19)?
1
Suppose -3680 - 5770 = -14*n. What is the units digit of n?
5
Suppose 3*b + 4*g = 260, 0*g + 70 = b - 2*g. Suppose -4*u = -4*t + 368, 2*t - 112 - b = 4*u. Let i = t - 48. What is the tens digit of i?
4
Let i(m) be the second derivative of 4*m**2 + 0*m**3 - 3*m + 0 + 1/12*m**4. What is the tens digit of i(5)?
3
Let k(u) = 2*u**3 - 14*u**2 + 22*u - 7. What is the tens digit of k(10)?
1
What is the hundreds digit of (-36344)/(-32) - (-3 - 75/(-20))?
1
Suppose 11*s - 3*s - 120 = 0. What is the tens digit of 2424/s - 16/(-40)?
6
Let q = 1151 - 1009. What is the units digit of q?
2
Let a(s) = -s**3 + s**2 + 338. Let q be a(0). Suppose 7*w + q = 8*w. What is the hundreds digit of w?
3
Let s(u) be the first derivative of -u**4/4 + u**3 - u**2/2 + 3*u - 5. Let n be s(3). Suppose -2*m + n*m = -4. What is the units digit of m?
2
Suppose 5*q - 3083 = 4*m, 3*m - 609 = -2*q + q. What is the units digit of q?
5
Suppose -m + 3*m = -64. Let u(z) = -z**2 + 14*z - 7. Let a be u(13). What is the units digit of (-72)/m + a/8?
3
Suppose q + 4*q - 10 = 0. What is the tens digit of (20/(-6))/((-39)/18 + q)?
2
Suppose 9*r = 4*r - 5*u, -5*r - 3*u + 6 = 0. What is the hundreds digit of (-2 + (r - -5))/(1/22)?
1
Suppose -136404 = -14*h + 2*h. What is the hundreds digit of 4/22 + h/99?
1
Let c(l) = -l**3 + 8*l**2 - 6*l + 4. Let q be c(5). Let w = 81 - q. What is the tens digit of w?
3
What is the thousands digit of (4/3)/((-208)/(-190008))?
1
Let b = -1393 - -1827. What is the hundreds digit of b?
4
Let d = 1867 - 805. Suppose -26*h + 32*h - d = 0. What is the units digit of h?
7
Let p be (-1 - -184) + ((-12)/(-4) - 3). Suppose k - x + 12 = 71, 0 = -3*k + x + p. What is the units digit of k?
2
Let z = -27 - -15. Let t = z - -17. What is the units digit of t?
5
Let j be 380/25 - (-1)/(-5). Let f = j - 12. Suppose -q - f = -25. What is the tens digit of q?
2
Suppose 12 = -3*a + 72. What is the units digit of a*2 - (-16)/(-4)?
6
Let m(j) be the second derivative of -j**5/20 - 13*j**4/12 - 17*j**3/6 + 6*j**2 + j. What is the tens digit of m(-12)?
7
Suppose -2*y = 3*y - 540. Suppose 0 = 2*l - 5 - 1. Suppose 6*x - l*x = y. What is the tens digit of x?
3
Let b(j) = -707*j - 222. What is the units digit of b(-2)?
2
Suppose 0 = -2*z - 5*v + 79, z - v = -2*v + 41. Let j(t) = -11*t + 238. Let k be j(15). Let h = k - z. What is the tens digit of h?
3
Suppose 18 = 2*h + 6. Suppose -15 - 1 = -y. Let v = y - h. What is the tens digit of v?
1
Suppose -16 = -4*i, 5*u - 3*i - 2*i - 50 = 0. Let b be -1 - u*12/(-8). Suppose 6*o + b = 8*o. What is the units digit of o?
0
Let c = 3 + 163. Let p = c - 94. What is the tens digit of p?
7
Let s be (155 - -1)/((-18)/126). What is the tens digit of s/(-30) + (-4)/10?
3
Let x be (-32)/4 + 4 + 66. Suppose -g - 3*y = -x, 35 + 179 = 4*g - 5*y. What is the units digit of g?
6
Suppose 5*p - 4*g - g = -400, -2*p = 5*g + 146. Let j = -24 - p. What is the tens digit of j?
5
Suppose 32*t - 33*t + 205 = m, -814 = -4*m + 2*t. What is the tens digit of m?
0
Let z be 180 + ((-8)/(-2) - 4). Let t = -80 + z. What is the hundreds digit of t?
1
Let b = -54 - -54. Suppose g + 4*g - 140 = b. What is the units digit of g?
8
Let m(v) be the first derivative of -v**4/4 + v**2 + 6. Let w be m(-2). Suppose 4*s = 2*u + 98, 3*s - 2*s - 14 = w*u. What is the units digit of s?
6
What is the units digit of 4464/(-60)*5/(-2)?
6
Let y(j) = 3*j**2 + 10 + j**2 + j - j**2 - 9. What is the units digit of y(-1)?
3
Suppose -261 = -3*z - 3*k, -39 + 141 = z + 4*k. Suppose -4*c = -5*v + 243, 2*v - 32 = -4*c + z. Suppose -v - 87 = -3*d. What is the tens digit of d?
4
Suppose -2*k + 10*k - 30728 = 0. What is the tens digit of k?
4
Let c(b) = -2 + 6 - 16 + b**3 - 7*b + 4*b**2. Let n be c(-5). What is the units digit of ((-6)/(-4))/(n/(-4))?
3
Let v = 1106 - 764. What is the tens digit of (-10)/25 + v/5?
6
Suppose j - 3 = 0, -5*h + 2*j - 419 + 3903 = 0. What is the units digit of h?
8
Suppose 0 = -4*i + 17 - 1. Suppose h + i = 2*h. Suppose -3*b + 5*f - 2*f = -30, -h*f = 5*b - 77. What is the units digit of b?
3
Let w = -12 - -59. Suppose -3*p - h = -0*h - w, p + 4*h = 12. What is the tens digit of 1/((-2)/(-2*p))?
1
Let l be (-6)/(-24) - (-95)/4. Let u = -2 - l. Let m = u - -44. What is the tens digit of m?
1
Suppose 3949 = 2*k + 5*x, 10390 = 5*k - x + 450. What is the thousands digit of k?
1
Let k(s) = 8*s**3 + 2*s**2 + 2*s - 35. What is the hundreds digit of k(8)?
2
Let v = -185 + 495. Suppose 11*z + v = 6*z. Let l = -24 - z. What is the units digit of l?
8
Let d(g) = -93*g - 1674. Let h(a) = 2. Let b(j) = 2*d(j) + 1674*h(j). What is the tens digit of b(-1)?
8
Le